 -f**3 - 3*f**2 - 3*f - 7. Give w(-3).
2
Let y(d) = -5*d**3 + 5*d**2 + 3*d - 8. What is y(2)?
-22
Let a(j) = -j**3 - 15*j**2 + 17*j + 23. Calculate a(-16).
7
Let g(u) = 8*u + 18. Determine g(-5).
-22
Let q(l) = -6*l - 184. What is q(-31)?
2
Let z(u) = 5*u - 30. Determine z(7).
5
Let y(x) = x**3 - 3*x**2 - 4*x + 6. Give y(5).
36
Let u(h) = h**3 + 8*h**2 - 2*h - 10. What is u(-8)?
6
Let f(c) = c - 10. Give f(10).
0
Let z(l) = 3*l + 31. What is z(-10)?
1
Let g(m) = -m**3 - 3*m**2 + m + 4. Determine g(-3).
1
Let r(u) = 2*u**2 - 13*u - 28. Give r(-2).
6
Let p(l) = l**2 - 4*l + 1. Determine p(6).
13
Let n(x) = x**2 - 6*x - 38. What is n(-3)?
-11
Let d(l) = -l**3 + 5*l**2 + 26*l - 13. Give d(8).
3
Let z(o) = -70*o - 357. Calculate z(-5).
-7
Let n(f) = f**2 - 15*f + 48. Calculate n(9).
-6
Let j(s) = -s**3 + 43. Calculate j(0).
43
Let o(f) = 3*f - 15. What is o(-8)?
-39
Let s(r) = r**3 - 31*r**2 + 32*r - 59. Determine s(30).
1
Let m(f) = f + 26. What is m(-25)?
1
Let h(a) = 5*a**2 + 2*a + 54. What is h(0)?
54
Let l(z) = 15*z - 132. Determine l(8).
-12
Let x(a) = -a**3 - 16*a**2 + 14*a + 7. Give x(-17).
58
Let o(k) = -5*k**3 + k. Give o(1).
-4
Let c(i) = i**3 - 12*i**2 + i - 5. Give c(12).
7
Let c(q) = q**2 + 25*q + 142. Determine c(-10).
-8
Let m(c) = 3*c**2 - 15*c + 8. Give m(4).
-4
Let d(i) = -i**3 + 9*i**2 - 11*i - 7. Calculate d(7).
14
Let r(d) = 11*d + 2. What is r(5)?
57
Let u(x) = -48*x + 247. Give u(5).
7
Let t(z) = -z**3 - 2*z**2 - z + 2. Give t(-3).
14
Let p(v) = v**2 + 5*v + 3. Determine p(-6).
9
Let s(o) = o**2 + 2*o - 8. Calculate s(4).
16
Let j(n) = 3*n - 51. What is j(17)?
0
Let p(v) = -v - 18. Determine p(0).
-18
Let d(l) = 8*l - 50. Give d(6).
-2
Let a(m) = -15*m - 14. Calculate a(-4).
46
Let x(f) = 4*f - 2. Calculate x(5).
18
Let g(w) = w + 36. Give g(-22).
14
Let f(y) = -2*y**3 + 5*y**2 + 5. What is f(4)?
-43
Let s(c) = 4*c - 6. What is s(3)?
6
Let c(j) = 3*j + 18. What is c(-10)?
-12
Let d(m) = m**3 - 7*m**2. Determine d(7).
0
Let k(j) = -j**3 + 3*j**2 - j + 1. What is k(3)?
-2
Let g(w) = 126*w - 481. Give g(4).
23
Let n(d) = d**3 - 6*d**2 - 19*d + 2. What is n(-2)?
8
Let w(r) = -r**2 + 15*r - 65. Calculate w(10).
-15
Let f(r) = 25*r**2 - 175*r. What is f(7)?
0
Let d(s) = s**3 + 8*s**2 + 10*s + 14. What is d(-7)?
-7
Let r(o) = -2*o - 2. Give r(-21).
40
Let l(y) = 8*y**2 - 5*y - 6. Calculate l(-1).
7
Let j(n) = 25*n + 1. Give j(-1).
-24
Let j(v) = v**2 - 8*v + 9. Give j(8).
9
Let g(s) = 5*s - 38. Give g(11).
17
Let t(o) = o**3 - o**2 - 4*o - 3. What is t(-2)?
-7
Let x(s) = s**2 + 17*s - 71. Determine x(-21).
13
Let q(u) = -u**2 - 2*u + 8. Calculate q(-5).
-7
Let x(h) = 3*h - 47. Calculate x(14).
-5
Let y(w) = w**3 + 9*w**2 + 3*w + 42. What is y(-9)?
15
Let u(j) = -6*j + 36. Determine u(6).
0
Let l(d) = 7*d - 1. Give l(-5).
-36
Let r(o) = o**3 - 2*o**2 - o - 2. Determine r(0).
-2
Let o(v) = -v**2 + 16. Determine o(-7).
-33
Let m(w) = -135*w - 3. Calculate m(0).
-3
Let z(s) = s**3 - 17*s**2 + 16*s. Determine z(16).
0
Let q(i) = 28*i + 114. Calculate q(-6).
-54
Let r(d) = -d**3 + 29*d**2 + 61*d + 39. Calculate r(31).
8
Let t(o) = o**3 + 39*o**2 - 2*o - 86. Calculate t(-39).
-8
Let k(l) = -l**3 - 8*l**2 + 18*l - 16. Determine k(-10).
4
Let z(m) = -4*m + 9. Calculate z(5).
-11
Let q(r) = r**2 + 13*r + 23. Give q(-7).
-19
Let g(w) = w**3 + 4*w**2 + w - 7. Determine g(-5).
-37
Let m(j) = 23*j - 1. What is m(-1)?
-24
Let k(d) = -3*d + 79. Determine k(29).
-8
Let q(h) = -19*h - 553. What is q(-29)?
-2
Let s(m) = -5*m - 11. Determine s(-5).
14
Let t(w) = -2*w - 5. What is t(-12)?
19
Let y(z) = z**3 - 5*z**2 + 6*z - 8. Give y(6).
64
Let l(f) = -f**3 + f**2 + 9*f + 2. What is l(-2)?
-4
Let y(f) = f**2 - 21*f + 102. What is y(7)?
4
Let c(p) = -p**2 + 3*p + 4. Calculate c(5).
-6
Let s(m) = -m**2 + 4*m. Calculate s(3).
3
Let g(j) = 2*j**3 + 3*j**2. Calculate g(-2).
-4
Let w(y) = 26*y**2 + 3*y - 1. Determine w(-1).
22
Let y(q) = 6*q + 17. Calculate y(-5).
-13
Let f(g) = -14*g**2 + 19*g + 18. What is f(-1)?
-15
Let y(d) = -20*d - 203. Calculate y(-10).
-3
Let f(v) = v**2 - 7*v + 2. What is f(7)?
2
Let j(p) = p**2 + p + 2. What is j(-4)?
14
Let a(i) = -i**2 + 12*i - 5. Determine a(11).
6
Let c(u) = u**2 - 7*u + 2. Calculate c(9).
20
Let i(f) = -f**2 - 5*f - 2. What is i(-3)?
4
Let s(z) = z**3 + 10*z**2 - 9*z + 21. Determine s(-11).
-1
Let b(s) = -2*s**2 - s + 5. Give b(-4).
-23
Let f(q) = q**2 + 48*q - 385. Give f(-55).
0
Let a(d) = 14*d - 70. Calculate a(7).
28
Let z(g) = 2*g**3 - 49*g**2 + 24*g + 19. Give z(24).
19
Let f(k) = -2*k - 23. What is f(-17)?
11
Let d(j) = 3*j + 23. Determine d(23).
92
Let w(j) = -j**2 - 17*j + 8. Give w(-12).
68
Let g(j) = -11*j + 14. What is g(2)?
-8
Let h(i) = -i**2 + 12*i - 10. Calculate h(12).
-10
Let r(p) = -p**2 - 3*p + 74. What is r(9)?
-34
Let w(o) = o + 17. Give w(-5).
12
Let n(m) = 7*m - 61. Determine n(9).
2
Let w(b) = 14*b**2 - 4*b + 16. Determine w(3).
130
Let g(z) = -5*z**2 - 8*z + 22. What is g(2)?
-14
Let c(s) = -s**2 + 28*s - 30. What is c(27)?
-3
Let v(b) = 17*b**2 + 306*b - 1. Give v(-18).
-1
Let x(k) = -k**3 - 5*k**2 + 4*k + 1. Determine x(-6).
13
Let r(c) = -4*c**2 + 50*c + 10. Calculate r(13).
-16
Let v(f) = -f**3 + 14*f**2 - 5. Give v(14).
-5
Let m(h) = h**2 + 8*h + 9. What is m(-9)?
18
Let f(m) = m**2 - 5*m + 12. Give f(3).
6
Let d(v) = -14*v + 11. Calculate d(0).
11
Let a(q) = q**3 - 23*q**2 + 23*q - 4. Determine a(22).
18
Let m(f) = -f**2 - 15*f - 15. Calculate m(-14).
-1
Let l(s) = -s**3 + 13*s**2 + 11*s + 10. Calculate l(13).
153
Let g(c) = c**2 + 7*c + 19. Calculate g(-3).
7
Let n(c) = 30*c + 5. What is n(-3)?
-85
Let r(d) = -13*d - 43. Calculate r(6).
-121
Let b(x) = -x**2 + 10*x - 30. Give b(5).
-5
Let h(y) = -y**3 + 18*y**2 - 15*y - 25. Calculate h(17).
9
Let o(j) = -j**2 + 9*j - 13. Determine o(10).
-23
Let o(y) = -3*y**3 + 3*y**2 + 3*y. Calculate o(-2).
30
Let w(q) = -q**3 + 8*q**2 + 3*q - 69. Give w(5).
21
Let d(i) = i**3 + 3*i**2 - 17*i + 4. Determine d(-8).
-180
Let c(m) = -m**3 - 12*m**2 - 2*m - 3. Calculate c(-12).
21
Let r(o) = 2*o**2 - 29*o - 2. Give r(12).
-62
Let w(c) = c - 1. Determine w(0).
-1
Let m(x) = 9*x**2 - 58*x + 28. What is m(6)?
4
Let q(k) = -70*k**2 - 489*k + 4. Determine q(-7).
-3
Let v(p) = p**3 - 4*p**2 + 2*p + 4. Determine v(3).
1
Let k(d) = -18*d**2 - 4*d + 1. Give k(3).
-173
Let m(t) = -3*t**3 + 39*t**2 - 4*t + 56. What is m(13)?
4
Let a(d) = d**2 - 11*d + 7. Determine a(7).
-21
Let d(l) = 2*l**2 + 4*l - 4. Give d(-5).
26
Let t(f) = -10*f - 6. Determine t(5).
-56
Let y(m) = 78*m - 395. Determine y(5).
-5
Let b(u) = -u**3 + 2*u**2 + 2. Determine b(5).
-73
Let u(f) = -5*f - 4. Calculate u(6).
-34
Let s(z) = -2*z**3 - 4*z**2 + 5*z. Give s(-4).
44
Let j(b) = -3*b**3 + 2*b**2 + 5*b - 10. Give j(0).
-10
Let y(t) = -26*t - 1. What is y(1)?
-27
Let z(f) = -f**2 + 34*f - 290. Give z(20).
-10
Let d(i) = -i**2 + 2*i - 11. What is d(5)?
-26
Let o(x) = -x**3 - 2*x**2 + x + 2. What is o(-1)?
0
Let b(y) = 2*y**2 + 21*y + 61. Give b(-4).
9
Let m(t) = -t**3 + 3*t**2 + 2*t + 9. Calculate m(4).
1
Let i(y) = -10*y**2 - 74*y + 4. Give i(-7).
32
Let q(z) = -z**3 - 14*z**2 + 3*z + 19. Calculate q(-14).
-23
Let g(n) = -5*n**3 - 2*n**2 - 2*n + 2. Give g(2).
-50
Let l(t) = 6*t - 15. Calculate l(7).
27
Let l(h) = -25*h - 407. Calculate l(-16).
-7
Let u(s) = -s + 18. What is u(-8)?
26
Let l(u) = -2*u + 12. What is l(8)?
-4
Let b(m) = -13*m + 5. Give b(-1).
18
Let m(s) = s**3 + 12*s**2 - 84*s + 18. What is m(-17)?
1
Let y(r) = -r**2 - 11*r - 20. Give y(-8).
4
Let m(c) = -15*c + 484. What is m(32)?
4
Let r(b) = -b**3 + 9*b**2 - 4*b - 11. Give r(8).
21
Let j(d) = -20*d. Determine j(-7).
140
Let u(b) = b**2 - 21*b + 111. Calculate u(8).
7
Let w(h) = -h + 2. Determine w(2).
0
Let k(v) = v + 1. Give k(-1).
0
Let o(b) = -3*b**3 + 2*b**2 + 3*b - 3. What is o(2)?
-13
Let y(r) = -r**3 - 15*r**2 - 19*r - 62. What is y(-14)?
8
Let d(r) = -r**2 - 3*r + 23. Give d(-7).
-5
Let m(q) = -4*q + 11. Calculate m(7).
-17
Let g(w) = w**2 + 3*w + 9. What is g(-3)?
9
Let r(n) = -n**3 + 11*n**2 - 14*n + 34. Determine r(10).
-6
Let p(b) = 3*b**2 - 22*b - 9. Give p(7).
-16
Let y(d) = -d**3 + 4*d**2 + 6*d - 3. What is y(5)?
2
Let l(r) = -3*r**2 + 61*r - 33. What is l(20)?
-13
Let w(g) = 3*g + 36. Calculate w(-15)